{"id":2610,"date":"2022-01-07T11:51:45","date_gmt":"2022-01-07T15:51:45","guid":{"rendered":"https:\/\/alaquez.gob.ec\/cotopaxi\/?page_id=2610"},"modified":"2023-07-07T14:14:48","modified_gmt":"2023-07-07T18:14:48","slug":"rendicion-de-cuentas-2022","status":"publish","type":"page","link":"http:\/\/alaquez.gob.ec\/cotopaxi\/rendicion-de-cuentas-2022\/","title":{"rendered":"Rendici\u00f3n de Cuentas 2022"},"content":{"rendered":"<p><a href=\"https:\/\/alaquez.gob.ec\/cotopaxi\/wp-content\/uploads\/2023\/03\/Convocatoria-Planificacion.pdf\">Convocatoria<\/a><\/p>\n<p><a href=\"https:\/\/alaquez.gob.ec\/cotopaxi\/wp-content\/uploads\/2023\/03\/Mapeo-Actores.pdf\">Mapeo Actores<\/a><\/p>\n<p>Reuni\u00f3n con la comisi\u00f3n de planificaci\u00f3n<\/p>\n<p><img loading=\"lazy\" decoding=\"async\" class=\"alignnone size-medium wp-image-3635\" src=\"https:\/\/alaquez.gob.ec\/cotopaxi\/wp-content\/uploads\/2023\/03\/Sin-titulo-550x413.jpg\" alt=\"\" width=\"550\" height=\"413\" srcset=\"http:\/\/alaquez.gob.ec\/cotopaxi\/wp-content\/uploads\/2023\/03\/Sin-titulo-550x413.jpg 550w, http:\/\/alaquez.gob.ec\/cotopaxi\/wp-content\/uploads\/2023\/03\/Sin-titulo-1024x768.jpg 1024w, http:\/\/alaquez.gob.ec\/cotopaxi\/wp-content\/uploads\/2023\/03\/Sin-titulo-768x576.jpg 768w, http:\/\/alaquez.gob.ec\/cotopaxi\/wp-content\/uploads\/2023\/03\/Sin-titulo.jpg 1032w\" sizes=\"auto, (max-width: 550px) 100vw, 550px\" \/><\/p>\n<p>INVITACI\u00d3N RENDICI\u00d3N DE CUENTAS 2022<\/p>\n<p><img loading=\"lazy\" decoding=\"async\" class=\"alignnone size-medium wp-image-3665\" src=\"https:\/\/alaquez.gob.ec\/cotopaxi\/wp-content\/uploads\/2023\/04\/INVITACION-550x393.jpg\" alt=\"\" width=\"550\" height=\"393\" srcset=\"http:\/\/alaquez.gob.ec\/cotopaxi\/wp-content\/uploads\/2023\/04\/INVITACION-550x393.jpg 550w, http:\/\/alaquez.gob.ec\/cotopaxi\/wp-content\/uploads\/2023\/04\/INVITACION-1024x732.jpg 1024w, http:\/\/alaquez.gob.ec\/cotopaxi\/wp-content\/uploads\/2023\/04\/INVITACION-768x549.jpg 768w, http:\/\/alaquez.gob.ec\/cotopaxi\/wp-content\/uploads\/2023\/04\/INVITACION-1536x1097.jpg 1536w, http:\/\/alaquez.gob.ec\/cotopaxi\/wp-content\/uploads\/2023\/04\/INVITACION.jpg 1600w\" sizes=\"auto, (max-width: 550px) 100vw, 550px\" \/><\/p>\n<p>PROCESO PARA LA RENDICI\u00d3N DE CUENTAS<\/p>\n<p><a href=\"https:\/\/alaquez.gob.ec\/cotopaxi\/wp-content\/uploads\/2023\/05\/Proceso.pdf\">Proceso<\/a><\/p>\n<p>ENTREGA DEL INFORME PRELIMINAR<\/p>\n<p><a href=\"https:\/\/alaquez.gob.ec\/cotopaxi\/wp-content\/uploads\/2023\/05\/Oficio-Informe-Preliminar.pdf\">Oficio Informe Preliminar<\/a><\/p>\n<p>REPUESTA DE LA COMISI\u00d3N DE PLANIFICACI\u00d3N<\/p>\n<p><a href=\"https:\/\/alaquez.gob.ec\/cotopaxi\/wp-content\/uploads\/2023\/05\/Oficio-Respuesta-I..pdf\">Oficio Respuesta I.<\/a><\/p>\n<p>OFICIO DE LA COMISI\u00d3N DE LA PLANIFICACI\u00d3N PREGUNTAS<\/p>\n<p><a href=\"https:\/\/alaquez.gob.ec\/cotopaxi\/wp-content\/uploads\/2023\/05\/Oficio-preguntas.pdf\">Oficio preguntas<\/a><\/p>\n<p>DIAPOSITIVAS DE RENDICI\u00d3N DE CUENTAS<\/p>\n<p><a href=\"https:\/\/alaquez.gob.ec\/cotopaxi\/wp-content\/uploads\/2023\/05\/GAD-2022-alaquez.pdf\">GAD 2022 alaquez<\/a><\/p>\n<p>ACTA RENDICI\u00d3N DE CUENTAS<\/p>\n<p><a href=\"https:\/\/alaquez.gob.ec\/cotopaxi\/wp-content\/uploads\/2023\/05\/Acta.pdf\">Acta<\/a><\/p>\n<p>CERTIFICADO DE CUMPLIMIENTO<\/p>\n<p><a href=\"https:\/\/alaquez.gob.ec\/cotopaxi\/wp-content\/uploads\/2023\/05\/Certificado-Cumplimiento.pdf\">Certificado Cumplimiento<\/a><\/p>\n<p><a href=\"https:\/\/alaquez.gob.ec\/cotopaxi\/wp-content\/uploads\/2023\/07\/FORMULARIO-RENDICION-CUENTAS-2022-CPCCS.pdf\">FORMULARIO RENDICI\u00d3N CUENTAS 2022 CPCCS<\/a><\/p>\n<p>ACTAS ENTREGA &#8211; RECEPCI\u00d3N DE BIENES Y OBRAS<\/p>\n<p><a href=\"https:\/\/alaquez.gob.ec\/cotopaxi\/wp-content\/uploads\/2023\/06\/acta-beneficiario.pdf\">acta beneficiario<\/a> <a href=\"https:\/\/alaquez.gob.ec\/cotopaxi\/wp-content\/uploads\/2023\/06\/acta-proveedor.pdf\">acta proveedor<\/a> <a href=\"https:\/\/alaquez.gob.ec\/cotopaxi\/wp-content\/uploads\/2023\/06\/CONVENIO-MAG.pdf\">CONVENIO MAG<\/a><\/p>\n","protected":false},"excerpt":{"rendered":"<p>Convocatoria Mapeo Actores Reuni\u00f3n con la comisi\u00f3n de planificaci\u00f3n INVITACI\u00d3N RENDICI\u00d3N DE CUENTAS 2022 PROCESO PARA LA RENDICI\u00d3N DE CUENTAS Proceso ENTREGA DEL INFORME PRELIMINAR Oficio Informe Preliminar REPUESTA DE LA COMISI\u00d3N DE PLANIFICACI\u00d3N Oficio Respuesta I. OFICIO DE LA COMISI\u00d3N DE LA PLANIFICACI\u00d3N PREGUNTAS Oficio preguntas DIAPOSITIVAS DE RENDICI\u00d3N DE CUENTAS GAD 2022 alaquez [&hellip;]<\/p>\n","protected":false},"author":2,"featured_media":0,"parent":0,"menu_order":0,"comment_status":"closed","ping_status":"closed","template":"","meta":{"footnotes":""},"class_list":["post-2610","page","type-page","status-publish","hentry"],"yoast_head":"<!-- This site is optimized with the Yoast SEO plugin v27.4 - https:\/\/yoast.com\/product\/yoast-seo-wordpress\/ -->\n<title>Rendici\u00f3n de Cuentas 2022 - GAD parroquial Alaquez<\/title>\n<meta name=\"robots\" content=\"index, follow, max-snippet:-1, max-image-preview:large, max-video-preview:-1\" \/>\n<link rel=\"canonical\" href=\"http:\/\/alaquez.gob.ec\/cotopaxi\/rendicion-de-cuentas-2022\/\" \/>\n<meta property=\"og:locale\" content=\"es_ES\" \/>\n<meta property=\"og:type\" content=\"article\" \/>\n<meta property=\"og:title\" content=\"Rendici\u00f3n de Cuentas 2022 - GAD parroquial Alaquez\" \/>\n<meta property=\"og:description\" content=\"Convocatoria Mapeo Actores Reuni\u00f3n con la comisi\u00f3n de planificaci\u00f3n INVITACI\u00d3N RENDICI\u00d3N DE CUENTAS 2022 PROCESO PARA LA RENDICI\u00d3N DE CUENTAS Proceso ENTREGA DEL INFORME PRELIMINAR Oficio Informe Preliminar REPUESTA DE LA COMISI\u00d3N DE PLANIFICACI\u00d3N Oficio Respuesta I. OFICIO DE LA COMISI\u00d3N DE LA PLANIFICACI\u00d3N PREGUNTAS Oficio preguntas DIAPOSITIVAS DE RENDICI\u00d3N DE CUENTAS GAD 2022 alaquez [&hellip;]\" \/>\n<meta property=\"og:url\" content=\"http:\/\/alaquez.gob.ec\/cotopaxi\/rendicion-de-cuentas-2022\/\" \/>\n<meta property=\"og:site_name\" content=\"GAD parroquial Alaquez\" \/>\n<meta property=\"article:modified_time\" content=\"2023-07-07T18:14:48+00:00\" \/>\n<meta property=\"og:image\" content=\"https:\/\/alaquez.gob.ec\/cotopaxi\/wp-content\/uploads\/2023\/03\/Sin-titulo-550x413.jpg\" \/>\n<meta name=\"twitter:card\" content=\"summary_large_image\" \/>\n<meta name=\"twitter:label1\" content=\"Tiempo de lectura\" \/>\n\t<meta name=\"twitter:data1\" content=\"1 minuto\" \/>\n<script type=\"application\/ld+json\" class=\"yoast-schema-graph\">{\"@context\":\"https:\\\/\\\/schema.org\",\"@graph\":[{\"@type\":\"WebPage\",\"@id\":\"http:\\\/\\\/alaquez.gob.ec\\\/cotopaxi\\\/rendicion-de-cuentas-2022\\\/\",\"url\":\"http:\\\/\\\/alaquez.gob.ec\\\/cotopaxi\\\/rendicion-de-cuentas-2022\\\/\",\"name\":\"Rendici\u00f3n de Cuentas 2022 - GAD parroquial Alaquez\",\"isPartOf\":{\"@id\":\"http:\\\/\\\/alaquez.gob.ec\\\/cotopaxi\\\/#website\"},\"primaryImageOfPage\":{\"@id\":\"http:\\\/\\\/alaquez.gob.ec\\\/cotopaxi\\\/rendicion-de-cuentas-2022\\\/#primaryimage\"},\"image\":{\"@id\":\"http:\\\/\\\/alaquez.gob.ec\\\/cotopaxi\\\/rendicion-de-cuentas-2022\\\/#primaryimage\"},\"thumbnailUrl\":\"https:\\\/\\\/alaquez.gob.ec\\\/cotopaxi\\\/wp-content\\\/uploads\\\/2023\\\/03\\\/Sin-titulo-550x413.jpg\",\"datePublished\":\"2022-01-07T15:51:45+00:00\",\"dateModified\":\"2023-07-07T18:14:48+00:00\",\"breadcrumb\":{\"@id\":\"http:\\\/\\\/alaquez.gob.ec\\\/cotopaxi\\\/rendicion-de-cuentas-2022\\\/#breadcrumb\"},\"inLanguage\":\"es\",\"potentialAction\":[{\"@type\":\"ReadAction\",\"target\":[\"http:\\\/\\\/alaquez.gob.ec\\\/cotopaxi\\\/rendicion-de-cuentas-2022\\\/\"]}]},{\"@type\":\"ImageObject\",\"inLanguage\":\"es\",\"@id\":\"http:\\\/\\\/alaquez.gob.ec\\\/cotopaxi\\\/rendicion-de-cuentas-2022\\\/#primaryimage\",\"url\":\"http:\\\/\\\/alaquez.gob.ec\\\/cotopaxi\\\/wp-content\\\/uploads\\\/2023\\\/03\\\/Sin-titulo.jpg\",\"contentUrl\":\"http:\\\/\\\/alaquez.gob.ec\\\/cotopaxi\\\/wp-content\\\/uploads\\\/2023\\\/03\\\/Sin-titulo.jpg\",\"width\":1032,\"height\":774},{\"@type\":\"BreadcrumbList\",\"@id\":\"http:\\\/\\\/alaquez.gob.ec\\\/cotopaxi\\\/rendicion-de-cuentas-2022\\\/#breadcrumb\",\"itemListElement\":[{\"@type\":\"ListItem\",\"position\":1,\"name\":\"Home\",\"item\":\"http:\\\/\\\/alaquez.gob.ec\\\/cotopaxi\\\/\"},{\"@type\":\"ListItem\",\"position\":2,\"name\":\"Rendici\u00f3n de Cuentas 2022\"}]},{\"@type\":\"WebSite\",\"@id\":\"http:\\\/\\\/alaquez.gob.ec\\\/cotopaxi\\\/#website\",\"url\":\"http:\\\/\\\/alaquez.gob.ec\\\/cotopaxi\\\/\",\"name\":\"GAD Parroquial de Alaquez Cotopaxi\",\"description\":\"Sitio Oficial del GAD Parroquial de Alaquez Cotopaxi\",\"publisher\":{\"@id\":\"http:\\\/\\\/alaquez.gob.ec\\\/cotopaxi\\\/#organization\"},\"potentialAction\":[{\"@type\":\"SearchAction\",\"target\":{\"@type\":\"EntryPoint\",\"urlTemplate\":\"http:\\\/\\\/alaquez.gob.ec\\\/cotopaxi\\\/?s={search_term_string}\"},\"query-input\":{\"@type\":\"PropertyValueSpecification\",\"valueRequired\":true,\"valueName\":\"search_term_string\"}}],\"inLanguage\":\"es\"},{\"@type\":\"Organization\",\"@id\":\"http:\\\/\\\/alaquez.gob.ec\\\/cotopaxi\\\/#organization\",\"name\":\"GAD Parroquial de Alaquez\",\"url\":\"http:\\\/\\\/alaquez.gob.ec\\\/cotopaxi\\\/\",\"logo\":{\"@type\":\"ImageObject\",\"inLanguage\":\"es\",\"@id\":\"http:\\\/\\\/alaquez.gob.ec\\\/cotopaxi\\\/#\\\/schema\\\/logo\\\/image\\\/\",\"url\":\"https:\\\/\\\/alaquez.gob.ec\\\/cotopaxi\\\/wp-content\\\/uploads\\\/2020\\\/06\\\/logoFooter.png\",\"contentUrl\":\"https:\\\/\\\/alaquez.gob.ec\\\/cotopaxi\\\/wp-content\\\/uploads\\\/2020\\\/06\\\/logoFooter.png\",\"width\":160,\"height\":156,\"caption\":\"GAD Parroquial de Alaquez\"},\"image\":{\"@id\":\"http:\\\/\\\/alaquez.gob.ec\\\/cotopaxi\\\/#\\\/schema\\\/logo\\\/image\\\/\"}}]}<\/script>\n<!-- \/ Yoast SEO plugin. -->","yoast_head_json":{"title":"Rendici\u00f3n de Cuentas 2022 - GAD parroquial Alaquez","robots":{"index":"index","follow":"follow","max-snippet":"max-snippet:-1","max-image-preview":"max-image-preview:large","max-video-preview":"max-video-preview:-1"},"canonical":"http:\/\/alaquez.gob.ec\/cotopaxi\/rendicion-de-cuentas-2022\/","og_locale":"es_ES","og_type":"article","og_title":"Rendici\u00f3n de Cuentas 2022 - GAD parroquial Alaquez","og_description":"Convocatoria Mapeo Actores Reuni\u00f3n con la comisi\u00f3n de planificaci\u00f3n INVITACI\u00d3N RENDICI\u00d3N DE CUENTAS 2022 PROCESO PARA LA RENDICI\u00d3N DE CUENTAS Proceso ENTREGA DEL INFORME PRELIMINAR Oficio Informe Preliminar REPUESTA DE LA COMISI\u00d3N DE PLANIFICACI\u00d3N Oficio Respuesta I. OFICIO DE LA COMISI\u00d3N DE LA PLANIFICACI\u00d3N PREGUNTAS Oficio preguntas DIAPOSITIVAS DE RENDICI\u00d3N DE CUENTAS GAD 2022 alaquez [&hellip;]","og_url":"http:\/\/alaquez.gob.ec\/cotopaxi\/rendicion-de-cuentas-2022\/","og_site_name":"GAD parroquial Alaquez","article_modified_time":"2023-07-07T18:14:48+00:00","og_image":[{"url":"https:\/\/alaquez.gob.ec\/cotopaxi\/wp-content\/uploads\/2023\/03\/Sin-titulo-550x413.jpg","type":"","width":"","height":""}],"twitter_card":"summary_large_image","twitter_misc":{"Tiempo de lectura":"1 minuto"},"schema":{"@context":"https:\/\/schema.org","@graph":[{"@type":"WebPage","@id":"http:\/\/alaquez.gob.ec\/cotopaxi\/rendicion-de-cuentas-2022\/","url":"http:\/\/alaquez.gob.ec\/cotopaxi\/rendicion-de-cuentas-2022\/","name":"Rendici\u00f3n de Cuentas 2022 - GAD parroquial Alaquez","isPartOf":{"@id":"http:\/\/alaquez.gob.ec\/cotopaxi\/#website"},"primaryImageOfPage":{"@id":"http:\/\/alaquez.gob.ec\/cotopaxi\/rendicion-de-cuentas-2022\/#primaryimage"},"image":{"@id":"http:\/\/alaquez.gob.ec\/cotopaxi\/rendicion-de-cuentas-2022\/#primaryimage"},"thumbnailUrl":"https:\/\/alaquez.gob.ec\/cotopaxi\/wp-content\/uploads\/2023\/03\/Sin-titulo-550x413.jpg","datePublished":"2022-01-07T15:51:45+00:00","dateModified":"2023-07-07T18:14:48+00:00","breadcrumb":{"@id":"http:\/\/alaquez.gob.ec\/cotopaxi\/rendicion-de-cuentas-2022\/#breadcrumb"},"inLanguage":"es","potentialAction":[{"@type":"ReadAction","target":["http:\/\/alaquez.gob.ec\/cotopaxi\/rendicion-de-cuentas-2022\/"]}]},{"@type":"ImageObject","inLanguage":"es","@id":"http:\/\/alaquez.gob.ec\/cotopaxi\/rendicion-de-cuentas-2022\/#primaryimage","url":"http:\/\/alaquez.gob.ec\/cotopaxi\/wp-content\/uploads\/2023\/03\/Sin-titulo.jpg","contentUrl":"http:\/\/alaquez.gob.ec\/cotopaxi\/wp-content\/uploads\/2023\/03\/Sin-titulo.jpg","width":1032,"height":774},{"@type":"BreadcrumbList","@id":"http:\/\/alaquez.gob.ec\/cotopaxi\/rendicion-de-cuentas-2022\/#breadcrumb","itemListElement":[{"@type":"ListItem","position":1,"name":"Home","item":"http:\/\/alaquez.gob.ec\/cotopaxi\/"},{"@type":"ListItem","position":2,"name":"Rendici\u00f3n de Cuentas 2022"}]},{"@type":"WebSite","@id":"http:\/\/alaquez.gob.ec\/cotopaxi\/#website","url":"http:\/\/alaquez.gob.ec\/cotopaxi\/","name":"GAD Parroquial de Alaquez Cotopaxi","description":"Sitio Oficial del GAD Parroquial de Alaquez Cotopaxi","publisher":{"@id":"http:\/\/alaquez.gob.ec\/cotopaxi\/#organization"},"potentialAction":[{"@type":"SearchAction","target":{"@type":"EntryPoint","urlTemplate":"http:\/\/alaquez.gob.ec\/cotopaxi\/?s={search_term_string}"},"query-input":{"@type":"PropertyValueSpecification","valueRequired":true,"valueName":"search_term_string"}}],"inLanguage":"es"},{"@type":"Organization","@id":"http:\/\/alaquez.gob.ec\/cotopaxi\/#organization","name":"GAD Parroquial de Alaquez","url":"http:\/\/alaquez.gob.ec\/cotopaxi\/","logo":{"@type":"ImageObject","inLanguage":"es","@id":"http:\/\/alaquez.gob.ec\/cotopaxi\/#\/schema\/logo\/image\/","url":"https:\/\/alaquez.gob.ec\/cotopaxi\/wp-content\/uploads\/2020\/06\/logoFooter.png","contentUrl":"https:\/\/alaquez.gob.ec\/cotopaxi\/wp-content\/uploads\/2020\/06\/logoFooter.png","width":160,"height":156,"caption":"GAD Parroquial de Alaquez"},"image":{"@id":"http:\/\/alaquez.gob.ec\/cotopaxi\/#\/schema\/logo\/image\/"}}]}},"_links":{"self":[{"href":"http:\/\/alaquez.gob.ec\/cotopaxi\/wp-json\/wp\/v2\/pages\/2610","targetHints":{"allow":["GET"]}}],"collection":[{"href":"http:\/\/alaquez.gob.ec\/cotopaxi\/wp-json\/wp\/v2\/pages"}],"about":[{"href":"http:\/\/alaquez.gob.ec\/cotopaxi\/wp-json\/wp\/v2\/types\/page"}],"author":[{"embeddable":true,"href":"http:\/\/alaquez.gob.ec\/cotopaxi\/wp-json\/wp\/v2\/users\/2"}],"replies":[{"embeddable":true,"href":"http:\/\/alaquez.gob.ec\/cotopaxi\/wp-json\/wp\/v2\/comments?post=2610"}],"version-history":[{"count":11,"href":"http:\/\/alaquez.gob.ec\/cotopaxi\/wp-json\/wp\/v2\/pages\/2610\/revisions"}],"predecessor-version":[{"id":3955,"href":"http:\/\/alaquez.gob.ec\/cotopaxi\/wp-json\/wp\/v2\/pages\/2610\/revisions\/3955"}],"wp:attachment":[{"href":"http:\/\/alaquez.gob.ec\/cotopaxi\/wp-json\/wp\/v2\/media?parent=2610"}],"curies":[{"name":"wp","href":"https:\/\/api.w.org\/{rel}","templated":true}]}}